{"id":29,"date":"2021-08-05T08:47:46","date_gmt":"2021-08-05T05:47:46","guid":{"rendered":"https:\/\/www.vehkalahdenveikot.fi\/kll2021\/?page_id=29"},"modified":"2021-08-30T18:24:23","modified_gmt":"2021-08-30T15:24:23","slug":"majoitus","status":"publish","type":"page","link":"https:\/\/www.vehkalahdenveikot.fi\/kll2021\/majoitus\/","title":{"rendered":"Majoitus"},"content":{"rendered":"\n<p>Tietoa majoitusvaihtoehdoista.<\/p>\n\n\n\n<h2 class=\"wp-block-heading\">Spa Hotel Hamina<\/h2>\n\n\n\n<ul class=\"wp-block-list\"><li>Majoitus standard-huoneessa 8.-9.10. 1 hengen huone 129,- \/ 2 hengen huone 149,-<\/li><li>Lis\u00e4vuode huoneeseen veloituksetta (1 s\u00e4nky \/huone)<\/li><li>Kysy tarjousta my\u00f6s muista huonetyypeist\u00e4mme!<\/li><li>Varaukset vastaanotosta, puh. +358 5353 5555 tai info@spahotelhamina.fi<\/li><li>Mainitse varauksen yhteydess\u00e4 KLL \/ Koululiikuntaliiton suunnistusmestaruuskisat<\/li><\/ul>\n\n\n\n<h2 class=\"wp-block-heading\">Metson tila<\/h2>\n\n\n\n<p>Sininen huone:<\/p>\n\n\n\n<ul class=\"wp-block-list\"><li>Makuutilat nelj\u00e4lle.<\/li><li>Huoneessa oma wc ja suihku.<\/li><li>Huoneessa TV.<\/li><li>Lis\u00e4vuodemahdollisuutena levitett\u00e4v\u00e4 sohva ja pienen lapsen matkas\u00e4nky.<\/li><li>Hinta 45 \u20ac\/ y\u00f6 henkil\u00f6\u00e4 kohti. Hintaan sis\u00e4ltyy vuodevaatteet, pyyhkeet ja aamupala.<\/li><\/ul>\n\n\n\n<p>Terhi:&nbsp;<a rel=\"noreferrer noopener\" href=\"tel:040%207582%20025\" target=\"_blank\">040 7582 025<\/a><br>Juha:&nbsp;<a rel=\"noreferrer noopener\" href=\"tel:040%205543%20129\" target=\"_blank\">040 5543 129<\/a><br><a rel=\"noreferrer noopener\" href=\"mailto:metsonmajoitus@gmail.com\" target=\"_blank\">metsonmajoitus@gmail.com<\/a><\/p>\n","protected":false},"excerpt":{"rendered":"<p>Tietoa majoitusvaihtoehdoista. Spa Hotel Hamina Majoitus standard-huoneessa 8.-9.10. 1 hengen huone 129,- \/ 2 hengen huone 149,- Lis\u00e4vuode huoneeseen veloituksetta (1 s\u00e4nky \/huone) Kysy tarjousta my\u00f6s muista huonetyypeist\u00e4mme! Varaukset vastaanotosta, puh. +358 5353 5555&#46;&#46;&#46;<\/p>\n","protected":false},"author":2,"featured_media":0,"parent":0,"menu_order":0,"comment_status":"closed","ping_status":"closed","template":"","meta":{"ngg_post_thumbnail":0,"footnotes":""},"class_list":["post-29","page","type-page","status-publish","hentry"],"_links":{"self":[{"href":"https:\/\/www.vehkalahdenveikot.fi\/kll2021\/wp-json\/wp\/v2\/pages\/29","targetHints":{"allow":["GET"]}}],"collection":[{"href":"https:\/\/www.vehkalahdenveikot.fi\/kll2021\/wp-json\/wp\/v2\/pages"}],"about":[{"href":"https:\/\/www.vehkalahdenveikot.fi\/kll2021\/wp-json\/wp\/v2\/types\/page"}],"author":[{"embeddable":true,"href":"https:\/\/www.vehkalahdenveikot.fi\/kll2021\/wp-json\/wp\/v2\/users\/2"}],"replies":[{"embeddable":true,"href":"https:\/\/www.vehkalahdenveikot.fi\/kll2021\/wp-json\/wp\/v2\/comments?post=29"}],"version-history":[{"count":3,"href":"https:\/\/www.vehkalahdenveikot.fi\/kll2021\/wp-json\/wp\/v2\/pages\/29\/revisions"}],"predecessor-version":[{"id":111,"href":"https:\/\/www.vehkalahdenveikot.fi\/kll2021\/wp-json\/wp\/v2\/pages\/29\/revisions\/111"}],"wp:attachment":[{"href":"https:\/\/www.vehkalahdenveikot.fi\/kll2021\/wp-json\/wp\/v2\/media?parent=29"}],"curies":[{"name":"wp","href":"https:\/\/api.w.org\/{rel}","templated":true}]}}