{"id":248,"date":"2021-10-07T17:20:34","date_gmt":"2021-10-07T14:20:34","guid":{"rendered":"https:\/\/www.vehkalahdenveikot.fi\/kll2021\/?page_id=248"},"modified":"2021-10-07T17:20:39","modified_gmt":"2021-10-07T14:20:39","slug":"koronaohjeistus","status":"publish","type":"page","link":"https:\/\/www.vehkalahdenveikot.fi\/kll2021\/koronaohjeistus\/","title":{"rendered":"Koronaohjeistus"},"content":{"rendered":"\n<ul class=\"wp-block-list\"><li>Kilpailussa noudatetaan paikallisen terveysviranomaisen koronaohjeita. > <a rel=\"noreferrer noopener\" href=\"https:\/\/korona.kymsote.fi\" target=\"_blank\">Kymsoten koronainfo<\/a><\/li><li>Kaikille osallistujille suositellaan maskin k\u00e4ytt\u00f6\u00e4, jos riitt\u00e4vi\u00e4 v\u00e4lej\u00e4 ei voida pit\u00e4\u00e4.<\/li><li>K\u00e4yt\u00e4 maskia liikkuessasi majoitusluokan ulkopuolella.<\/li><li>\u00c4l\u00e4 kannusta huutaen!<\/li><li>V\u00e4lt\u00e4 turhaa oleskelua sis\u00e4tiloissa.\u00a0<\/li><li>Siirry l\u00e4ht\u00f6paikalle\u00a0mahdollisimman l\u00e4hell\u00e4 omaa l\u00e4ht\u00f6aikaa, ettei\u00a0l\u00e4ht\u00f6paikka ruuhkaudu. K\u00e4yt\u00e4 tarvittaessa maskia.<\/li><li>Kun saavut l\u00e4ht\u00f6karsinaan, desinfioi k\u00e4tesi ja j\u00e4t\u00e4 kasvomaskin roskikseen.<\/li><li>Maalileimauksen j\u00e4lkeen desinfioi k\u00e4tesi. T\u00e4m\u00e4n j\u00e4lkeen siirry leimantarkastukseen.<\/li><\/ul>\n","protected":false},"excerpt":{"rendered":"<p>Kilpailussa noudatetaan paikallisen terveysviranomaisen koronaohjeita. > Kymsoten koronainfo Kaikille osallistujille suositellaan maskin k\u00e4ytt\u00f6\u00e4, jos riitt\u00e4vi\u00e4 v\u00e4lej\u00e4 ei voida pit\u00e4\u00e4. K\u00e4yt\u00e4 maskia liikkuessasi majoitusluokan ulkopuolella. \u00c4l\u00e4 kannusta huutaen! V\u00e4lt\u00e4 turhaa oleskelua sis\u00e4tiloissa.\u00a0 Siirry l\u00e4ht\u00f6paikalle\u00a0mahdollisimman l\u00e4hell\u00e4&#46;&#46;&#46;<\/p>\n","protected":false},"author":2,"featured_media":0,"parent":0,"menu_order":0,"comment_status":"closed","ping_status":"closed","template":"","meta":{"ngg_post_thumbnail":0,"footnotes":""},"class_list":["post-248","page","type-page","status-publish","hentry"],"_links":{"self":[{"href":"https:\/\/www.vehkalahdenveikot.fi\/kll2021\/wp-json\/wp\/v2\/pages\/248","targetHints":{"allow":["GET"]}}],"collection":[{"href":"https:\/\/www.vehkalahdenveikot.fi\/kll2021\/wp-json\/wp\/v2\/pages"}],"about":[{"href":"https:\/\/www.vehkalahdenveikot.fi\/kll2021\/wp-json\/wp\/v2\/types\/page"}],"author":[{"embeddable":true,"href":"https:\/\/www.vehkalahdenveikot.fi\/kll2021\/wp-json\/wp\/v2\/users\/2"}],"replies":[{"embeddable":true,"href":"https:\/\/www.vehkalahdenveikot.fi\/kll2021\/wp-json\/wp\/v2\/comments?post=248"}],"version-history":[{"count":1,"href":"https:\/\/www.vehkalahdenveikot.fi\/kll2021\/wp-json\/wp\/v2\/pages\/248\/revisions"}],"predecessor-version":[{"id":250,"href":"https:\/\/www.vehkalahdenveikot.fi\/kll2021\/wp-json\/wp\/v2\/pages\/248\/revisions\/250"}],"wp:attachment":[{"href":"https:\/\/www.vehkalahdenveikot.fi\/kll2021\/wp-json\/wp\/v2\/media?parent=248"}],"curies":[{"name":"wp","href":"https:\/\/api.w.org\/{rel}","templated":true}]}}

<ul class="wp-block-list"><li>Kilpailussa noudatetaan paikallisen terveysviranomaisen koronaohjeita. > <a rel="noreferrer noopener" href="https://korona.kymsote.fi" target="_blank">Kymsoten koronainfo</a></li><li>Kaikille osallistujille suositellaan maskin käyttöä, jos riittäviä välejä ei voida pitää.</li><li>Käytä maskia liikkuessasi majoitusluokan ulkopuolella.</li><li>Älä kannusta huutaen!</li><li>Vältä turhaa oleskelua sisätiloissa. </li><li>Siirry lähtöpaikalle mahdollisimman lähellä omaa lähtöaikaa, ettei lähtöpaikka ruuhkaudu. Käytä tarvittaessa maskia.</li><li>Kun saavut lähtökarsinaan, desinfioi kätesi ja jätä kasvomaskin roskikseen.</li><li>Maalileimauksen jälkeen desinfioi kätesi. Tämän jälkeen siirry leimantarkastukseen.</li></ul>

<p>Kilpailussa noudatetaan paikallisen terveysviranomaisen koronaohjeita. > Kymsoten koronainfo Kaikille osallistujille suositellaan maskin käyttöä, jos riittäviä välejä ei voida pitää. Käytä maskia liikkuessasi majoitusluokan ulkopuolella. Älä kannusta huutaen! Vältä turhaa oleskelua sisätiloissa.  Siirry lähtöpaikalle mahdollisimman lähellä&#46;&#46;&#46;</p>
