{"id":136,"date":"2021-09-27T20:52:26","date_gmt":"2021-09-27T17:52:26","guid":{"rendered":"https:\/\/www.vehkalahdenveikot.fi\/kll2021\/?page_id=136"},"modified":"2021-10-08T22:00:55","modified_gmt":"2021-10-08T19:00:55","slug":"juoksijapankki","status":"publish","type":"page","link":"https:\/\/www.vehkalahdenveikot.fi\/kll2021\/juoksijapankki\/","title":{"rendered":"Juoksijapankki"},"content":{"rendered":"\n<p>Juoksijapankki on tarkoitettu tilanteisiin, joissa <\/p>\n\n\n\n<ul class=\"wp-block-list\"><li>Halukkaita juoksijoita olisi, mutta sopivaa viestijoukkuetta ei ole. <\/li><li>Joukkueesta puuttuu juoksijoita.<\/li><\/ul>\n\n\n\n<p>Ilmoita viestihalukkuudesta tai puuttuvista viestinviejist\u00e4 s\u00e4hk\u00f6postilla: <a href=\"mailto:eeta.lonka@vehkalahdenveikot.fi\">eeta.lonka@vehkalahdenveikot.fi<\/a>:<\/p>\n\n\n\n<ul class=\"wp-block-list\"><li>Juoksijan nimi<\/li><li>Sarja \/ Ik\u00e4<\/li><li>Kunta<\/li><li>Yhteystiedot<\/li><\/ul>\n\n\n\n<p>Tai<\/p>\n\n\n\n<ul class=\"wp-block-list\"><li>Viestisarja ja osuus, jolle juoksijaa kaivattaisiin.<\/li><li>Yhteystiedot<\/li><\/ul>\n\n\n\n<p>T\u00e4ll\u00e4 sivulla tiedotetaan pankin tapahtumista, muista seurata.<\/p>\n\n\n\n<h2 class=\"wp-block-heading\">P\u00e4ivitys 8.10. klo 22.00<\/h2>\n\n\n\n<p>C-sarja, Helsinki 5: Kaksi juoksijapaikkaa vapaana. Tiedustelut Reetta Ikola 040 866 9220<\/p>\n\n\n\n<h2 class=\"wp-block-heading\">Tilanne 8.10.<\/h2>\n\n\n\n<h3 class=\"wp-block-heading\">Juoksijoita puuttuu:<\/h3>\n\n\n\n<p>Tampere, E-sarja, 2. joukkue: <\/p>\n\n\n\n<ul class=\"wp-block-list\"><li>Poika TR-osuudelle ankkuriksi. <\/li><li>Poika aloittamaan RR-osuudelle<\/li><\/ul>\n\n\n\n<p>Kauhajoki, E-sarja<\/p>\n\n\n\n<ul class=\"wp-block-list\"><li>Poika, RR10 tai TR11<\/li><\/ul>\n\n\n\n<p>H\u00e4meenlinna, A-sarja<\/p>\n\n\n\n<ul class=\"wp-block-list\"><li>Tytt\u00f6<\/li><\/ul>\n\n\n\n<p>Salo, B-sarja<\/p>\n\n\n\n<ul class=\"wp-block-list\"><li>Tytt\u00f6 tai poika<\/li><\/ul>\n\n\n\n<p>Lepp\u00e4virta\/Siilinj\u00e4rvi, D-sarja<\/p>\n\n\n\n<ul class=\"wp-block-list\"><li>Tytt\u00f6 tai poika, H\/D13 tai H\/D15 -osuus<\/li><\/ul>\n\n\n\n<h3 class=\"wp-block-heading\">Juoksijoita tarjolla:<\/h3>\n\n\n\n<ul class=\"wp-block-list\"><li>J\u00e4ms\u00e4l\u00e4inen 2011 synt. tytt\u00f6, voi suunnistaa my\u00f6s TR-osuuden<\/li><li>Suomussalmelainen tytt\u00f6 8 v. E-sarjan RR-osuudelle<\/li><li>Kempelel\u00e4inen tytt\u00f6 D11TR -sarjaan<\/li><li>Haminalainen tytt\u00f6 RR-sarjaan<\/li><li>Haminalainen poika RR-sarjaan<\/li><\/ul>\n\n\n\n<p><\/p>\n\n\n\n<p><strong>Tiedustelut ja yhteystiedot infosta<\/strong>, tai <a href=\"mailto:eeta.lonka@vehkalahdenveikot.fi\">eeta.lonka@vehkalahdenveikot.fi<\/a><\/p>\n","protected":false},"excerpt":{"rendered":"<p>Juoksijapankki on tarkoitettu tilanteisiin, joissa Halukkaita juoksijoita olisi, mutta sopivaa viestijoukkuetta ei ole. Joukkueesta puuttuu juoksijoita. Ilmoita viestihalukkuudesta tai puuttuvista viestinviejist\u00e4 s\u00e4hk\u00f6postilla: eeta.lonka@vehkalahdenveikot.fi: Juoksijan nimi Sarja \/ Ik\u00e4 Kunta Yhteystiedot Tai Viestisarja ja osuus,&#46;&#46;&#46;<\/p>\n","protected":false},"author":2,"featured_media":0,"parent":0,"menu_order":0,"comment_status":"closed","ping_status":"closed","template":"","meta":{"ngg_post_thumbnail":0,"footnotes":""},"class_list":["post-136","page","type-page","status-publish","hentry"],"_links":{"self":[{"href":"https:\/\/www.vehkalahdenveikot.fi\/kll2021\/wp-json\/wp\/v2\/pages\/136","targetHints":{"allow":["GET"]}}],"collection":[{"href":"https:\/\/www.vehkalahdenveikot.fi\/kll2021\/wp-json\/wp\/v2\/pages"}],"about":[{"href":"https:\/\/www.vehkalahdenveikot.fi\/kll2021\/wp-json\/wp\/v2\/types\/page"}],"author":[{"embeddable":true,"href":"https:\/\/www.vehkalahdenveikot.fi\/kll2021\/wp-json\/wp\/v2\/users\/2"}],"replies":[{"embeddable":true,"href":"https:\/\/www.vehkalahdenveikot.fi\/kll2021\/wp-json\/wp\/v2\/comments?post=136"}],"version-history":[{"count":3,"href":"https:\/\/www.vehkalahdenveikot.fi\/kll2021\/wp-json\/wp\/v2\/pages\/136\/revisions"}],"predecessor-version":[{"id":291,"href":"https:\/\/www.vehkalahdenveikot.fi\/kll2021\/wp-json\/wp\/v2\/pages\/136\/revisions\/291"}],"wp:attachment":[{"href":"https:\/\/www.vehkalahdenveikot.fi\/kll2021\/wp-json\/wp\/v2\/media?parent=136"}],"curies":[{"name":"wp","href":"https:\/\/api.w.org\/{rel}","templated":true}]}}

<p>Juoksijapankki on tarkoitettu tilanteisiin, joissa </p>



<ul class="wp-block-list"><li>Halukkaita juoksijoita olisi, mutta sopivaa viestijoukkuetta ei ole. </li><li>Joukkueesta puuttuu juoksijoita.</li></ul>



<p>Ilmoita viestihalukkuudesta tai puuttuvista viestinviejistä sähköpostilla: <a href="mailto:eeta.lonka@vehkalahdenveikot.fi">eeta.lonka@vehkalahdenveikot.fi</a>:</p>



<ul class="wp-block-list"><li>Juoksijan nimi</li><li>Sarja / Ikä</li><li>Kunta</li><li>Yhteystiedot</li></ul>



<p>Tai</p>



<ul class="wp-block-list"><li>Viestisarja ja osuus, jolle juoksijaa kaivattaisiin.</li><li>Yhteystiedot</li></ul>



<p>Tällä sivulla tiedotetaan pankin tapahtumista, muista seurata.</p>



<h2 class="wp-block-heading">Päivitys 8.10. klo 22.00</h2>



<p>C-sarja, Helsinki 5: Kaksi juoksijapaikkaa vapaana. Tiedustelut Reetta Ikola 040 866 9220</p>



<h2 class="wp-block-heading">Tilanne 8.10.</h2>



<h3 class="wp-block-heading">Juoksijoita puuttuu:</h3>



<p>Tampere, E-sarja, 2. joukkue: </p>



<ul class="wp-block-list"><li>Poika TR-osuudelle ankkuriksi. </li><li>Poika aloittamaan RR-osuudelle</li></ul>



<p>Kauhajoki, E-sarja</p>



<ul class="wp-block-list"><li>Poika, RR10 tai TR11</li></ul>



<p>Hämeenlinna, A-sarja</p>



<ul class="wp-block-list"><li>Tyttö</li></ul>



<p>Salo, B-sarja</p>



<ul class="wp-block-list"><li>Tyttö tai poika</li></ul>



<p>Leppävirta/Siilinjärvi, D-sarja</p>



<ul class="wp-block-list"><li>Tyttö tai poika, H/D13 tai H/D15 -osuus</li></ul>



<h3 class="wp-block-heading">Juoksijoita tarjolla:</h3>



<ul class="wp-block-list"><li>Jämsäläinen 2011 synt. tyttö, voi suunnistaa myös TR-osuuden</li><li>Suomussalmelainen tyttö 8 v. E-sarjan RR-osuudelle</li><li>Kempeleläinen tyttö D11TR -sarjaan</li><li>Haminalainen tyttö RR-sarjaan</li><li>Haminalainen poika RR-sarjaan</li></ul>



<p></p>



<p><strong>Tiedustelut ja yhteystiedot infosta</strong>, tai <a href="mailto:eeta.lonka@vehkalahdenveikot.fi">eeta.lonka@vehkalahdenveikot.fi</a></p>

<p>Juoksijapankki on tarkoitettu tilanteisiin, joissa Halukkaita juoksijoita olisi, mutta sopivaa viestijoukkuetta ei ole. Joukkueesta puuttuu juoksijoita. Ilmoita viestihalukkuudesta tai puuttuvista viestinviejistä sähköpostilla: eeta.lonka@vehkalahdenveikot.fi: Juoksijan nimi Sarja / Ikä Kunta Yhteystiedot Tai Viestisarja ja osuus,&#46;&#46;&#46;</p>
